{"id":124,"date":"2023-03-17T16:24:48","date_gmt":"2023-03-17T13:24:48","guid":{"rendered":"https:\/\/forevyapi.com\/?page_id=124"},"modified":"2024-01-27T18:36:16","modified_gmt":"2024-01-27T15:36:16","slug":"hakkimizda","status":"publish","type":"page","link":"https:\/\/forevyapi.com\/?page_id=124","title":{"rendered":"Hakk\u0131m\u0131zda"},"content":{"rendered":"   \n\n    <section \n        class=\"about-page m-0 custom-text-component\"\n        id=\"#\"\n        style=\"background:#f4f4f4\"\n    >\n        <div class=\"container\">\n\n            \n                    \n            <div class=\"row\">\n                <div class=\"col-lg-6 d-flex justify-content-start align-items-center\" data-aos=\"fade-up\"> \n                    <div class=\"text\" data-aos=\"fade-left\">\n                        <p><strong>Bir Ya\u015fam Bi\u00e7imi Olarak S\u00fcrd\u00fcr\u00fclebilirlik<\/strong><\/p>\n<p>\u201c\u015eimdiki ku\u015faklar\u0131n gereksinimlerinin gelecek ku\u015faklar\u0131nkini tehlikeye atmadan kar\u015f\u0131lanmas\u0131na olanak veren b\u00fcy\u00fcme politikalar\u0131 \u015feklinde tan\u0131mlanan s\u00fcrd\u00fcr\u00fclebilirlik, hem bina hem de kent \u00f6l\u00e7e\u011finde g\u00f6zetilmesi gereken \u00e7ok boyutlu bir kavramd\u0131r\u201d (Hasol, D., 2022). K\u00fcresel iklim sorunlar\u0131n\u0131n en yo\u011fun oldu\u011fu d\u00f6nemde, Forev Yap\u0131 olarak sorumlulu\u011fumuzun bilincindeyiz. \u00c7evresel sorunlara \u00fcretti\u011fimiz yenilik\u00e7i \u00e7\u00f6z\u00fcmler ile sa\u011fl\u0131kl\u0131 ve konforlu yap\u0131lar tasarl\u0131yoruz. Tasar\u0131m s\u00fcrecinden in\u015fa etme s\u00fcrecine kadar projelerimizi s\u00fcrd\u00fcr\u00fclebilir mimari kriterler \u00e7er\u00e7evesinde geli\u015ftiriyoruz.<\/p>\n\n                    <\/div>\n                <\/div>\n                <div class=\"col-lg-6 d-flex justify-content-start align-items-center\" data-aos=\"fade-up\">\n                    <div class=\"text\" data-aos=\"fade-right\"> \n                        <p><img loading=\"lazy\" decoding=\"async\" class=\"alignnone  wp-image-256\" src=\"https:\/\/i0.wp.com\/forevyapi.com\/app\/uploads\/2023\/03\/Nasel_Alibeykoy_Vaz_Aci_03_Baski_A-300x165.jpg\" alt=\"\" width=\"596\" height=\"328\" srcset=\"https:\/\/i0.wp.com\/forevyapi.com\/app\/uploads\/2023\/03\/Nasel_Alibeykoy_Vaz_Aci_03_Baski_A-300x165.jpg 300w, https:\/\/i0.wp.com\/forevyapi.com\/app\/uploads\/2023\/03\/Nasel_Alibeykoy_Vaz_Aci_03_Baski_A-1024x564.jpg 1024w, https:\/\/i0.wp.com\/forevyapi.com\/app\/uploads\/2023\/03\/Nasel_Alibeykoy_Vaz_Aci_03_Baski_A-768x423.jpg 768w, https:\/\/i0.wp.com\/forevyapi.com\/app\/uploads\/2023\/03\/Nasel_Alibeykoy_Vaz_Aci_03_Baski_A-1536x845.jpg 1536w, https:\/\/i0.wp.com\/forevyapi.com\/app\/uploads\/2023\/03\/Nasel_Alibeykoy_Vaz_Aci_03_Baski_A-2048x1127.jpg 2048w\" sizes=\"auto, (max-width: 596px) 100vw, 596px\" \/><\/p>\n\n                    <\/div>\n                <\/div>\n            <\/div>\n        <\/div>\n    <\/section> \n\n<style>\n    .custom-text-component img {border-radius:5px;width:100%;}\n    .inovatif .text p {width:100% !important}\n<\/style>\n\n\n   \n\n    <section \n        class=\"about-page m-0 custom-text-component\"\n        id=\"#\"\n        style=\"background:#ffffff\"\n    >\n        <div class=\"container\">\n\n                            <div class=\"title\" data-aos=\"fade-up\">\n                    <span>FOREV TECR\u00dcBES\u0130<\/span>\n                <\/div>\n            \n                    \n            <div class=\"row\">\n                <div class=\"col-lg-6 d-flex justify-content-start align-items-center\" data-aos=\"fade-up\"> \n                    <div class=\"text\" data-aos=\"fade-left\">\n                        <p><img loading=\"lazy\" decoding=\"async\" class=\"alignnone  wp-image-262\" src=\"https:\/\/i0.wp.com\/forevyapi.com\/app\/uploads\/2023\/03\/Forev_ModernHalic_C19Alt22222-300x176.jpg\" alt=\"\" width=\"612\" height=\"359\" srcset=\"https:\/\/i0.wp.com\/forevyapi.com\/app\/uploads\/2023\/03\/Forev_ModernHalic_C19Alt22222-300x176.jpg 300w, https:\/\/i0.wp.com\/forevyapi.com\/app\/uploads\/2023\/03\/Forev_ModernHalic_C19Alt22222-1024x599.jpg 1024w, https:\/\/i0.wp.com\/forevyapi.com\/app\/uploads\/2023\/03\/Forev_ModernHalic_C19Alt22222-768x450.jpg 768w, https:\/\/i0.wp.com\/forevyapi.com\/app\/uploads\/2023\/03\/Forev_ModernHalic_C19Alt22222-1536x899.jpg 1536w, https:\/\/i0.wp.com\/forevyapi.com\/app\/uploads\/2023\/03\/Forev_ModernHalic_C19Alt22222-2048x1199.jpg 2048w\" sizes=\"auto, (max-width: 612px) 100vw, 612px\" \/><\/p>\n\n                    <\/div>\n                <\/div>\n                <div class=\"col-lg-6 d-flex justify-content-start align-items-center\" data-aos=\"fade-up\">\n                    <div class=\"text\" data-aos=\"fade-right\"> \n                        <h4 class=\"aos-init aos-animate\" data-aos=\"fade-up\">25. Y\u0131l<\/h4>\n<p class=\"s3\"><span class=\"s4\">Tam yirmi be\u015f y\u0131ld\u0131r <\/span><span class=\"s5\">Forev<\/span> <span class=\"s5\">Yap\u0131 <\/span><span class=\"s5\">olarak <\/span><span class=\"s6\">\u015fehir i\u00e7inde <\/span><span class=\"s6\">konforlu<\/span><span class=\"s6\"> bir ya\u015fam hayalini ger\u00e7ekle\u015ftiren, <\/span><span class=\"s5\">do\u011fal \u00e7evreyi ve enerji verimlili\u011fini g\u00f6zeten<\/span><span class=\"s5\">,<\/span><span class=\"s5\"> modern ve tasar\u0131m odakl\u0131 <\/span><span class=\"s5\">yap\u0131lar<\/span><span class=\"s5\">a imza atmaktay\u0131z.<\/span><\/p>\n<p class=\"s3\"><span class=\"s7\">Motivasyonumuzu gelecek nesiller i\u00e7in <\/span><span class=\"s5\">ekolojik ve sosyal anlamda s\u00fcrd\u00fcr\u00fclebilir yap\u0131lar in\u015fa etme<\/span><span class=\"s5\"> hedefi<\/span><span class=\"s5\">n<\/span><span class=\"s5\">den <\/span><span class=\"s5\">al<\/span><span class=\"s5\">\u0131yoruz.<\/span><\/p>\n<p class=\"s3\"><span class=\"s8\">Bu do\u011frultuda <\/span><span class=\"s8\">g<\/span><span class=\"s8\">lobal sekt\u00f6rdeki t\u00fcm geli\u015fmeleri yak\u0131ndan takip e<\/span><span class=\"s8\">diyor<\/span><span class=\"s8\"> ve <\/span><span class=\"s9\">tecr\u00fcbelerimiz \u0131\u015f\u0131\u011f\u0131nda <\/span><span class=\"s9\">kentsel tasar\u0131m, peyzaj tasar\u0131m\u0131 ve mimarl\u0131k disiplinlerinde sekt\u00f6r\u00fcn<\/span> <span class=\"s9\">en iyilerini bir araya getir<\/span><span class=\"s9\">iyoruz<\/span><span class=\"s9\">.<\/span><\/p>\n<p class=\"s3\"><span class=\"s8\">T\u00fcrkiye\u2019nin \u00f6nde gelen firmalar\u0131ndan<\/span> <span class=\"s8\">Nasel<\/span><span class=\"s8\"> Tekstil b\u00fcnyesinde bulunan <\/span><span class=\"s9\">Forev<\/span> <span class=\"s9\">Yap\u0131 olarak \u00f6z sermaye g\u00fcc\u00fcm\u00fczle<\/span><span class=\"s9\"> daha iyisi olma \u00e7abam\u0131zla<\/span> <span class=\"s8\">konut, ofis, fabrika<\/span> <span class=\"s8\">gibi <\/span><span class=\"s8\">25<\/span><span class=\"s8\"> y\u0131ld\u0131r <\/span><span class=\"s8\">bir\u00e7ok prestijli proje<\/span><span class=\"s8\"> ger\u00e7ekle\u015ftirdik<\/span><span class=\"s8\">.<\/span> <span class=\"s8\">S<\/span><span class=\"s9\">ekt\u00f6r\u00fcn en iyisi olma hayaliyle <\/span><span class=\"s9\">daha nice <\/span><span class=\"s8\">fark yaratan projeler ger\u00e7ekle\u015ftir<\/span><span class=\"s8\">meye devam edece\u011fiz.<\/span><\/p>\n<p class=\"s3\">\n\n                    <\/div>\n                <\/div>\n            <\/div>\n        <\/div>\n    <\/section> \n\n<style>\n    .custom-text-component img {border-radius:5px;width:100%;}\n    .inovatif .text p {width:100% !important}\n<\/style>\n\n\n   \n\n    <section \n        class=\"about-page m-0 custom-text-component\"\n        id=\"#\"\n        style=\"background:#f4f4f4\"\n    >\n        <div class=\"container\">\n\n            \n                    \n            <div class=\"row\">\n                <div class=\"col-lg-6 d-flex justify-content-start align-items-center\" data-aos=\"fade-up\"> \n                    <div class=\"text\" data-aos=\"fade-left\">\n                        <h4><span class=\"s2\">\u00c7EVRE \u0130LE UYUMLU <\/span><\/h4>\n<h4><span class=\"s2\">MODERN YAPILAR TASARLIYORUZ<\/span><\/h4>\n<p class=\"s4\"><span class=\"s3\">Forev<\/span> <span class=\"s3\">Y<\/span><span class=\"s3\">ap\u0131 olarak modern ve tasar\u0131m odakl\u0131 yakla\u015f\u0131m\u0131 benimsiyor<\/span><span class=\"s3\">uz. \u00c7evresel sorunlara <\/span><span class=\"s3\">\u00fcretti\u011fimiz <\/span><span class=\"s3\">\u00e7\u00f6z\u00fcmler<\/span><span class=\"s3\"> ile<\/span><span class=\"s3\"> yenilik\u00e7i uygulamalar<\/span><span class=\"s3\">\u0131<\/span><span class=\"s3\"> birle\u015ftiriyor <\/span><span class=\"s3\">ve sekt\u00f6rde fark yaratan projeler ger\u00e7ekle\u015ftiriyoruz.<\/span><\/p>\n<p class=\"s4\"><span class=\"s3\">Yirmi be\u015f y\u0131ll\u0131k tecr\u00fcbemize g\u00fcven<\/span><span class=\"s3\">iyor ve<\/span> <span class=\"s3\">s\u00fcrd\u00fcr\u00fclebilir<\/span><span class=\"s3\">lik ilkelerini <\/span><span class=\"s3\">projelerimizin tasar\u0131m s\u00fcrecinden uygulama s\u00fcrecine kadar entegre ediyoruz<\/span><span class=\"s3\">.<\/span> <span class=\"s3\">K<\/span><span class=\"s3\">ent i\u00e7inde do\u011fa ile i\u00e7 i\u00e7e<\/span><span class=\"s3\">, <\/span><span class=\"s3\">konforlu<\/span><span class=\"s3\"> ve huzurlu<\/span><span class=\"s3\"> bir ya\u015fam sunuyoruz<\/span><span class=\"s3\">.<\/span><\/p>\n<p class=\"s4\"><span class=\"s3\">Sa\u011fl\u0131kl\u0131 \u00e7evre e\u015fittir sa\u011fl\u0131kl\u0131 toplum mottosu ile hareket ediyor ve i<\/span><span class=\"s3\">nsan\u0131 merkeze alan sosyal odakl\u0131 tasar\u0131mlar<\/span><span class=\"s3\"> yap\u0131yoruz.<\/span><span class=\"s3\"> Tasar\u0131m anlay\u0131\u015f\u0131m\u0131z ve tecr\u00fcbemiz ile m\u00fc\u015fteri memnuniyeti garantili projelere imza at\u0131yoruz.<\/span><\/p>\n\n                    <\/div>\n                <\/div>\n                <div class=\"col-lg-6 d-flex justify-content-start align-items-center\" data-aos=\"fade-up\">\n                    <div class=\"text\" data-aos=\"fade-right\"> \n                        <p><img loading=\"lazy\" decoding=\"async\" class=\"alignnone  wp-image-270\" src=\"https:\/\/i0.wp.com\/forevyapi.com\/app\/uploads\/2023\/03\/Forev_ModernHalic_C1777-300x150.jpg\" alt=\"\" width=\"622\" height=\"311\" srcset=\"https:\/\/i0.wp.com\/forevyapi.com\/app\/uploads\/2023\/03\/Forev_ModernHalic_C1777-300x150.jpg 300w, https:\/\/i0.wp.com\/forevyapi.com\/app\/uploads\/2023\/03\/Forev_ModernHalic_C1777-1024x512.jpg 1024w, https:\/\/i0.wp.com\/forevyapi.com\/app\/uploads\/2023\/03\/Forev_ModernHalic_C1777-768x384.jpg 768w, https:\/\/i0.wp.com\/forevyapi.com\/app\/uploads\/2023\/03\/Forev_ModernHalic_C1777-1536x768.jpg 1536w, https:\/\/i0.wp.com\/forevyapi.com\/app\/uploads\/2023\/03\/Forev_ModernHalic_C1777-2048x1024.jpg 2048w\" sizes=\"auto, (max-width: 622px) 100vw, 622px\" \/><\/p>\n\n                    <\/div>\n                <\/div>\n            <\/div>\n        <\/div>\n    <\/section> \n\n<style>\n    .custom-text-component img {border-radius:5px;width:100%;}\n    .inovatif .text p {width:100% !important}\n<\/style>\n\n\n\n<p><\/p>\n\n\n\n<p><\/p>\n\n\n\n<p><\/p>\n","protected":false},"excerpt":{"rendered":"","protected":false},"author":1,"featured_media":0,"parent":0,"menu_order":0,"comment_status":"closed","ping_status":"closed","template":"","meta":{"_acf_changed":false,"footnotes":""},"class_list":["post-124","page","type-page","status-publish","hentry"],"acf":[],"_links":{"self":[{"href":"https:\/\/forevyapi.com\/index.php?rest_route=\/wp\/v2\/pages\/124","targetHints":{"allow":["GET"]}}],"collection":[{"href":"https:\/\/forevyapi.com\/index.php?rest_route=\/wp\/v2\/pages"}],"about":[{"href":"https:\/\/forevyapi.com\/index.php?rest_route=\/wp\/v2\/types\/page"}],"author":[{"embeddable":true,"href":"https:\/\/forevyapi.com\/index.php?rest_route=\/wp\/v2\/users\/1"}],"replies":[{"embeddable":true,"href":"https:\/\/forevyapi.com\/index.php?rest_route=%2Fwp%2Fv2%2Fcomments&post=124"}],"version-history":[{"count":49,"href":"https:\/\/forevyapi.com\/index.php?rest_route=\/wp\/v2\/pages\/124\/revisions"}],"predecessor-version":[{"id":1588,"href":"https:\/\/forevyapi.com\/index.php?rest_route=\/wp\/v2\/pages\/124\/revisions\/1588"}],"wp:attachment":[{"href":"https:\/\/forevyapi.com\/index.php?rest_route=%2Fwp%2Fv2%2Fmedia&parent=124"}],"curies":[{"name":"wp","href":"https:\/\/api.w.org\/{rel}","templated":true}]}}