{"id":625,"date":"2023-05-27T18:53:49","date_gmt":"2023-05-27T15:53:49","guid":{"rendered":"https:\/\/forevyapi.com\/ana-sayfa-english\/"},"modified":"2024-06-07T16:46:24","modified_gmt":"2024-06-07T13:46:24","slug":"homepage","status":"publish","type":"page","link":"https:\/\/forevyapi.com\/?page_id=625&lang=en","title":{"rendered":"Homepage"},"content":{"rendered":" \n    <!-- Slider -->\n    <section class=\"slider\">\n        <div class=\"loop\">\n                                                <div class=\"item\">\n                        <div class=\"container\">\n                            <div class=\"row\">\n                                <div class=\"col-lg-4\">\n                                    <div class=\"text\">\n                                        <span data-animation=\"fadeInLeft\" data-delay=\".4s\" class=\"pagingInfo\"><\/span>\n                                        <h4 data-animation=\"fadeInLeft\" data-delay=\".6s\"><\/h4>\n                                        <h2 data-animation=\"fadeInLeft\" data-delay=\".8s\">Secure your place in the most well-equipped project on the Hali\u00e7!<\/h2>\n                                        <p data-animation=\"fadeInLeft\" data-delay=\"1s\">Experience the epitome of comfort in the heart of city life with the awe-inspiring views offered by Forev Modern Hali\u00e7.<\/p>\n                                        <a href=\"#slidar1\" data-animation=\"fadeInLeft\" data-delay=\"1.2s\">detayl\u0131 incele <i class=\"fa fa-angle-right\"><\/i><\/a>\n                                    <\/div>\n                                <\/div>\n                            <\/div>\n                        <\/div>\n                        <img decoding=\"async\" class=\"sliderImg\" src=\"https:\/\/i0.wp.com\/forevyapi.com\/app\/uploads\/2023\/03\/halic11-scaled.jpg\" alt=\"Secure your place in the most well-equipped project on the Hali\u00e7!\">\n                    <\/div>\n                \n                                    <div class=\"item\">\n                        <div class=\"container\">\n                            <div class=\"row\">\n                                <div class=\"col-lg-4\">\n                                    <div class=\"text\">\n                                        <span data-animation=\"fadeInLeft\" data-delay=\".4s\" class=\"pagingInfo\"><\/span>\n                                        <h4 data-animation=\"fadeInLeft\" data-delay=\".6s\"><\/h4>\n                                        <h2 data-animation=\"fadeInLeft\" data-delay=\".8s\">An exclusive and profitable investment opportunity awaits you. <\/h2>\n                                        <p data-animation=\"fadeInLeft\" data-delay=\"1s\">Situated in the vibrant heart of Istanbul, Forev Modern Hali\u00e7 enhances your lifestyle with its exceptional location and modern design.<\/p>\n                                        <a href=\"#slidar2\" data-animation=\"fadeInLeft\" data-delay=\"1.2s\">detayl\u0131 incele <i class=\"fa fa-angle-right\"><\/i><\/a>\n                                    <\/div>\n                                <\/div>\n                            <\/div>\n                        <\/div>\n                        <img decoding=\"async\" class=\"sliderImg\" src=\"https:\/\/i0.wp.com\/forevyapi.com\/app\/uploads\/2023\/03\/slider2.jpg\" alt=\"An exclusive and profitable investment opportunity awaits you. \">\n                    <\/div>\n                \n                                    <div class=\"item\">\n                        <div class=\"container\">\n                            <div class=\"row\">\n                                <div class=\"col-lg-4\">\n                                    <div class=\"text\">\n                                        <span data-animation=\"fadeInLeft\" data-delay=\".4s\" class=\"pagingInfo\"><\/span>\n                                        <h4 data-animation=\"fadeInLeft\" data-delay=\".6s\"><\/h4>\n                                        <h2 data-animation=\"fadeInLeft\" data-delay=\".8s\">Embrace the beauty of the estuary&#8217;s blue waters from the balcony of your home! <\/h2>\n                                        <p data-animation=\"fadeInLeft\" data-delay=\"1s\">Indulge in the panoramic views of Forev Modern Golden Horn, where spacious loft apartments seamlessly blend design and aesthetics.<\/p>\n                                        <a href=\"#slidar3\" data-animation=\"fadeInLeft\" data-delay=\"1.2s\">detayl\u0131 incele <i class=\"fa fa-angle-right\"><\/i><\/a>\n                                    <\/div>\n                                <\/div>\n                            <\/div>\n                        <\/div>\n                        <img decoding=\"async\" class=\"sliderImg\" src=\"https:\/\/i0.wp.com\/forevyapi.com\/app\/uploads\/2023\/03\/slider3.jpg\" alt=\"Embrace the beauty of the estuary's blue waters from the balcony of your home! \">\n                    <\/div>\n                \n                                    <div class=\"item\">\n                        <div class=\"container\">\n                            <div class=\"row\">\n                                <div class=\"col-lg-4\">\n                                    <div class=\"text\">\n                                        <span data-animation=\"fadeInLeft\" data-delay=\".4s\" class=\"pagingInfo\"><\/span>\n                                        <h4 data-animation=\"fadeInLeft\" data-delay=\".6s\"><\/h4>\n                                        <h2 data-animation=\"fadeInLeft\" data-delay=\".8s\">Stay tuned for our upcoming Naturist project, where living in harmony with nature becomes a reality. <\/h2>\n                                        <p data-animation=\"fadeInLeft\" data-delay=\"1s\">Nestled amidst enchanting forest landscapes, a mere 7-minute drive from Istanbul Airport, Naturist awaits you with its captivating living spaces.<\/p>\n                                        <a href=\"#slidar4\" data-animation=\"fadeInLeft\" data-delay=\"1.2s\">detayl\u0131 incele <i class=\"fa fa-angle-right\"><\/i><\/a>\n                                    <\/div>\n                                <\/div>\n                            <\/div>\n                        <\/div>\n                        <img decoding=\"async\" class=\"sliderImg\" src=\"https:\/\/i0.wp.com\/forevyapi.com\/app\/uploads\/2023\/03\/slider4.jpg\" alt=\"Stay tuned for our upcoming Naturist project, where living in harmony with nature becomes a reality. \">\n                    <\/div>\n                \n                                    <div class=\"item\">\n                        <div class=\"container\">\n                            <div class=\"row\">\n                                <div class=\"col-lg-4\">\n                                    <div class=\"text\">\n                                        <span data-animation=\"fadeInLeft\" data-delay=\".4s\" class=\"pagingInfo\"><\/span>\n                                        <h4 data-animation=\"fadeInLeft\" data-delay=\".6s\"><\/h4>\n                                        <h2 data-animation=\"fadeInLeft\" data-delay=\".8s\">We are here for you 24\/7! <\/h2>\n                                        <p data-animation=\"fadeInLeft\" data-delay=\"1s\">444 38 13 Our office hours are from 09:00 to 18:00 on Weekdays and Saturdays Sundays: 10:00 to 18:00 <\/p>\n                                        <a href=\"#slidar5\" data-animation=\"fadeInLeft\" data-delay=\"1.2s\">detayl\u0131 incele <i class=\"fa fa-angle-right\"><\/i><\/a>\n                                    <\/div>\n                                <\/div>\n                            <\/div>\n                        <\/div>\n                        <img decoding=\"async\" class=\"sliderImg\" src=\"https:\/\/i0.wp.com\/forevyapi.com\/app\/uploads\/2023\/03\/slider5.jpg\" alt=\"We are here for you 24\/7! \">\n                    <\/div>\n                \n                                    <div class=\"item\">\n                        <div class=\"container\">\n                            <div class=\"row\">\n                                <div class=\"col-lg-4\">\n                                    <div class=\"text\">\n                                        <span data-animation=\"fadeInLeft\" data-delay=\".4s\" class=\"pagingInfo\"><\/span>\n                                        <h4 data-animation=\"fadeInLeft\" data-delay=\".6s\"><\/h4>\n                                        <h2 data-animation=\"fadeInLeft\" data-delay=\".8s\">Discover the innovative and versatile architecture of Forev Yap\u0131! <\/h2>\n                                        <p data-animation=\"fadeInLeft\" data-delay=\"1s\">With over a quarter-century of experience, Forev Yap\u0131 embraces a modern and design-oriented approach, delivering projects that make a difference in the industry.<\/p>\n                                        <a href=\"#slidar6\" data-animation=\"fadeInLeft\" data-delay=\"1.2s\">detayl\u0131 incele <i class=\"fa fa-angle-right\"><\/i><\/a>\n                                    <\/div>\n                                <\/div>\n                            <\/div>\n                        <\/div>\n                        <img decoding=\"async\" class=\"sliderImg\" src=\"https:\/\/i0.wp.com\/forevyapi.com\/app\/uploads\/2023\/03\/slider6.jpg\" alt=\"Discover the innovative and versatile architecture of Forev Yap\u0131! \">\n                    <\/div>\n                \n                                    <\/div>\n    <\/section>\n    <!-- Slider End -->\n\n   \n\n    <section \n        class=\"about-page custom-text-component\"\n        id=\"#\"\n        style=\"background:#f0eeeb\"\n    >\n        <div class=\"container\">\n\n            \n                    \n            <div class=\"row\">\n                <div class=\"col-lg-6 d-flex justify-content-start align-items-center\" data-aos=\"fade-up\"> \n                    <div class=\"text\" data-aos=\"fade-left\">\n                        <p><img loading=\"lazy\" decoding=\"async\" class=\"wp-image-164 alignright\" src=\"https:\/\/i0.wp.com\/forevyapi.com\/app\/uploads\/2023\/03\/forev-yapi-kurumsal-300x225.jpg\" alt=\"\" width=\"615\" height=\"461\" srcset=\"https:\/\/i0.wp.com\/forevyapi.com\/app\/uploads\/2023\/03\/forev-yapi-kurumsal-300x225.jpg 300w, https:\/\/i0.wp.com\/forevyapi.com\/app\/uploads\/2023\/03\/forev-yapi-kurumsal-1024x768.jpg 1024w, https:\/\/i0.wp.com\/forevyapi.com\/app\/uploads\/2023\/03\/forev-yapi-kurumsal-768x576.jpg 768w, https:\/\/i0.wp.com\/forevyapi.com\/app\/uploads\/2023\/03\/forev-yapi-kurumsal-1536x1152.jpg 1536w, https:\/\/i0.wp.com\/forevyapi.com\/app\/uploads\/2023\/03\/forev-yapi-kurumsal.jpg 2048w\" sizes=\"auto, (max-width: 615px) 100vw, 615px\" \/><\/p>\n\n                    <\/div>\n                <\/div>\n                <div class=\"col-lg-6 d-flex justify-content-start align-items-center\" data-aos=\"fade-up\">\n                    <div class=\"text\" data-aos=\"fade-right\"> \n                        <h2 id=\"tw-target-text\" class=\"tw-data-text tw-text-large tw-ta\" dir=\"ltr\" data-placeholder=\"\u00c7eviri\" aria-label=\"\u00c7evrilmi\u015f metin\" data-ved=\"2ahUKEwjo_9v62JSFAxUlX_EDHe9kCEAQ3ewLegQIBRAU\"><span class=\"Y2IQFc\" lang=\"en\">Robust, functional, environmentally friendly and complete projects<\/span><\/h2>\n<p id=\"tw-target-text\" class=\"tw-data-text tw-text-large tw-ta\" dir=\"ltr\" data-placeholder=\"\u00c7eviri\" aria-label=\"\u00c7evrilmi\u015f metin\" data-ved=\"2ahUKEwjo_9v62JSFAxUlX_EDHe9kCEAQ3ewLegQIBRAU\"><span class=\"Y2IQFc\" lang=\"en\">We offer you a dynamic life where security, comfort, quality and aesthetics come together with our user-oriented housing projects.<\/span><\/p>\n\n                    <\/div>\n                <\/div>\n            <\/div>\n        <\/div>\n    <\/section> \n\n<style>\n    .custom-text-component img {border-radius:5px;width:100%;}\n    .inovatif .text p {width:100% !important}\n<\/style>\n\n\n   \n\n    <section \n        class=\"about-page mt-5 mb-5 custom-text-component\"\n        id=\"#\"\n        style=\"background:#ffffff\"\n    >\n        <div class=\"container\">\n\n            \n                    \n            <div class=\"row\">\n                <div class=\"col-lg-6 d-flex justify-content-start align-items-center\" data-aos=\"fade-up\"> \n                    <div class=\"text\" data-aos=\"fade-left\">\n                        <h2><span class=\"s3\">S<\/span><span class=\"s3\">ocially<\/span> <span class=\"s3\">S<\/span><span class=\"s3\">ustainable<\/span> <span class=\"s3\">and<\/span> <span class=\"s3\">E<\/span><span class=\"s3\">cologically<\/span> <span class=\"s3\">R<\/span><span class=\"s3\">esponsible<\/span><\/h2>\n<p class=\"s6\"><span class=\"s5\">Forev<\/span><span class=\"s5\">, <\/span><span class=\"s5\">which<\/span><span class=\"s5\"> has 25 <\/span><span class=\"s5\">years<\/span><span class=\"s5\"> of <\/span><span class=\"s5\">experience<\/span> <span class=\"s5\">and<\/span><span class=\"s5\"> is <\/span><span class=\"s5\">growing<\/span> <span class=\"s5\">day<\/span> <span class=\"s5\">by<\/span> <span class=\"s5\">day<\/span><span class=\"s5\">, <\/span><span class=\"s5\">continues<\/span> <span class=\"s5\">to<\/span> <span class=\"s5\">bring<\/span><span class=\"s5\">together<\/span> <span class=\"s5\">experts<\/span><span class=\"s5\"> in <\/span><span class=\"s5\">their<\/span> <span class=\"s5\">fields<\/span> <span class=\"s5\">and<\/span> <span class=\"s5\">carry<\/span> <span class=\"s5\">out<\/span> <span class=\"s5\">projects<\/span> <span class=\"s5\">that<\/span> <span class=\"s5\">make<\/span><span class=\"s5\"> a <\/span><span class=\"s5\">difference<\/span><span class=\"s5\"> in <\/span><span class=\"s5\">the<\/span> <span class=\"s5\">sector<\/span><span class=\"s5\">.<\/span><\/p>\n<p><strong><span class=\"s5\">Forev<\/span> <span class=\"s5\">adopts<\/span><span class=\"s5\"> a <\/span><span class=\"s5\">design-oriented<\/span> <span class=\"s5\">approach<\/span> <span class=\"s5\">and<\/span> <span class=\"s5\">develops<\/span> <span class=\"s5\">sustainable<\/span> <span class=\"s5\">projects<\/span> <span class=\"s5\">that<\/span> <span class=\"s5\">interact<\/span> <span class=\"s5\">with<\/span><span class=\"s5\">the<\/span> <span class=\"s5\">environment<\/span><span class=\"s5\">.<\/span><\/strong><\/p>\n\n                    <\/div>\n                <\/div>\n                <div class=\"col-lg-6 d-flex justify-content-start align-items-center\" data-aos=\"fade-up\">\n                    <div class=\"text\" data-aos=\"fade-right\"> \n                        <p><img loading=\"lazy\" decoding=\"async\" class=\"alignnone wp-image-484 size-full\" src=\"https:\/\/i0.wp.com\/forevyapi.com\/app\/uploads\/2023\/03\/forev-yapi-anasayfa.jpg\" alt=\"\" width=\"1701\" height=\"1279\" srcset=\"https:\/\/i0.wp.com\/forevyapi.com\/app\/uploads\/2023\/03\/forev-yapi-anasayfa.jpg 1701w, https:\/\/i0.wp.com\/forevyapi.com\/app\/uploads\/2023\/03\/forev-yapi-anasayfa-300x226.jpg 300w, https:\/\/i0.wp.com\/forevyapi.com\/app\/uploads\/2023\/03\/forev-yapi-anasayfa-1024x770.jpg 1024w, https:\/\/i0.wp.com\/forevyapi.com\/app\/uploads\/2023\/03\/forev-yapi-anasayfa-768x577.jpg 768w, https:\/\/i0.wp.com\/forevyapi.com\/app\/uploads\/2023\/03\/forev-yapi-anasayfa-1536x1155.jpg 1536w\" sizes=\"auto, (max-width: 1701px) 100vw, 1701px\" \/><\/p>\n\n                    <\/div>\n                <\/div>\n            <\/div>\n        <\/div>\n    <\/section> \n\n<style>\n    .custom-text-component img {border-radius:5px;width:100%;}\n    .inovatif .text p {width:100% !important}\n<\/style>\n\n\n<!-- Project --> \n<section class=\"project-page\">\n\t<div class=\"container\">\n\t\t<div class=\"title\" data-aos=\"fade-up\">\n\t\t\t\t\t<h2>PROJECTS<\/h2>\n\t\t\t<p>Modern and Innovative Designs<\/p>\n\t\t\t\t<\/div>\n\t<\/div>\n\t<div class=\"project-slider\" data-aos=\"fade-up\">\n\t\t<div class=\"project-loop\">\n             \n\t\t\t\t<a href=\"https:\/\/forevyapi.com\/?projeler=forev-tem-istanbul\" class=\"item\">\n\t\t\t\t\t<img decoding=\"async\" src=\"https:\/\/i0.wp.com\/forevyapi.com\/app\/uploads\/2026\/01\/render1.webp\" alt=\"Forev Tem \u0130stanbul\">\n\t\t\t\t\t<div class=\"name\">\n\t\t\t\t\t\t<span>Forev Tem \u0130stanbul<\/span>\n\t\t\t\t\t<\/div>\n\t\t\t\t<\/a>  \n             \n\t\t\t\t<a href=\"https:\/\/forevyapi.com\/?projeler=forev-modern-plus-2\" class=\"item\">\n\t\t\t\t\t<img decoding=\"async\" src=\"https:\/\/i0.wp.com\/forevyapi.com\/app\/uploads\/2023\/03\/modernplus1-scaled.jpg\" alt=\"Forev Modern Plus\">\n\t\t\t\t\t<div class=\"name\">\n\t\t\t\t\t\t<span>Forev Modern Plus<\/span>\n\t\t\t\t\t<\/div>\n\t\t\t\t<\/a>  \n             \n\t\t\t\t<a href=\"https:\/\/forevyapi.com\/?projeler=forev-bogazici-blocks&#038;lang=en\" class=\"item\">\n\t\t\t\t\t<img decoding=\"async\" src=\"https:\/\/i0.wp.com\/forevyapi.com\/app\/uploads\/2023\/03\/slider6.jpg\" alt=\"Forev Bogazici Blocks\">\n\t\t\t\t\t<div class=\"name\">\n\t\t\t\t\t\t<span>Forev Bo\u011fazi\u00e7i Bloklar\u0131<\/span>\n\t\t\t\t\t<\/div>\n\t\t\t\t<\/a>  \n             \n\t\t\t\t<a href=\"https:\/\/forevyapi.com\/?projeler=forev-nest-garden-2&#038;lang=en\" class=\"item\">\n\t\t\t\t\t<img decoding=\"async\" src=\"https:\/\/i0.wp.com\/forevyapi.com\/app\/uploads\/2023\/03\/nest_garden1-scaled.jpg\" alt=\"Forev Nest Garden\">\n\t\t\t\t\t<div class=\"name\">\n\t\t\t\t\t\t<span>Forev Nest Garden<\/span>\n\t\t\t\t\t<\/div>\n\t\t\t\t<\/a>  \n             \n\t\t\t\t<a href=\"https:\/\/forevyapi.com\/?projeler=forev-nefes-halkali-2&#038;lang=en\" class=\"item\">\n\t\t\t\t\t<img decoding=\"async\" src=\"https:\/\/i0.wp.com\/forevyapi.com\/app\/uploads\/2023\/03\/forevnefess-scaled.jpg\" alt=\"Forev Nefes Halkali\">\n\t\t\t\t\t<div class=\"name\">\n\t\t\t\t\t\t<span>Forev Nefes Halkal\u0131<\/span>\n\t\t\t\t\t<\/div>\n\t\t\t\t<\/a>  \n             \n\t\t\t\t<a href=\"https:\/\/forevyapi.com\/?projeler=forev-teras-2&#038;lang=en\" class=\"item\">\n\t\t\t\t\t<img decoding=\"async\" src=\"https:\/\/i0.wp.com\/forevyapi.com\/app\/uploads\/2023\/03\/forevteras11-scaled.jpg\" alt=\"Forev Teras\">\n\t\t\t\t\t<div class=\"name\">\n\t\t\t\t\t\t<span>Forev Teras<\/span>\n\t\t\t\t\t<\/div>\n\t\t\t\t<\/a>  \n             \n\t\t\t\t<a href=\"https:\/\/forevyapi.com\/?projeler=forev-modern-eyup-3\" class=\"item\">\n\t\t\t\t\t<img decoding=\"async\" src=\"https:\/\/i0.wp.com\/forevyapi.com\/app\/uploads\/2023\/03\/forevmoderneyup.jpg\" alt=\"Forev Modern Ey\u00fcp\">\n\t\t\t\t\t<div class=\"name\">\n\t\t\t\t\t\t<span>Forev Modern Ey\u00fcp<\/span>\n\t\t\t\t\t<\/div>\n\t\t\t\t<\/a>  \n             \n\t\t\t\t<a href=\"https:\/\/forevyapi.com\/?projeler=forev-modern-eyup-2&#038;lang=en\" class=\"item\">\n\t\t\t\t\t<img decoding=\"async\" src=\"https:\/\/i0.wp.com\/forevyapi.com\/app\/uploads\/2023\/03\/forevmoderneyup.jpg\" alt=\"Forev Modern Eyup\">\n\t\t\t\t\t<div class=\"name\">\n\t\t\t\t\t\t<span>Forev Modern Ey\u00fcp<\/span>\n\t\t\t\t\t<\/div>\n\t\t\t\t<\/a>  \n             \n\t\t\t\t<a href=\"https:\/\/forevyapi.com\/?projeler=forev-naturist-2&#038;lang=en\" class=\"item\">\n\t\t\t\t\t<img decoding=\"async\" src=\"https:\/\/i0.wp.com\/forevyapi.com\/app\/uploads\/2023\/03\/slider4.jpg\" alt=\"Forev Naturist\">\n\t\t\t\t\t<div class=\"name\">\n\t\t\t\t\t\t<span>Forev Naturist<\/span>\n\t\t\t\t\t<\/div>\n\t\t\t\t<\/a>  \n             \n\t\t\t\t<a href=\"https:\/\/forevyapi.com\/?projeler=1635&#038;lang=en\" class=\"item\">\n\t\t\t\t\t<img decoding=\"async\" src=\"https:\/\/i0.wp.com\/forevyapi.com\/app\/uploads\/2023\/03\/slider1.jpg\" alt=\"Forev Modern Halic\">\n\t\t\t\t\t<div class=\"name\">\n\t\t\t\t\t\t<span>Forev Modern Halic<\/span>\n\t\t\t\t\t<\/div>\n\t\t\t\t<\/a>  \n             \n\t\t<\/div>\n\t<\/div>\n<\/section>\n<!-- Project End -->\n\n\n            <!-- Forev Banner -->\n        <section class=\"brev container\" style=\"margin-top: 40px\">\n            <div class=\"item\">\n                <ul>\n                    <li data-aos=\"fade-up\">\n                        <img decoding=\"async\" src=\"https:\/\/forevyapi.com\/app\/themes\/forev\/static\/img\/F.svg\" alt=\"\">\n                    <\/li>\n                    <li data-aos=\"fade-down\" data-aos-duration=\"1000\">\n                        <img decoding=\"async\" src=\"https:\/\/forevyapi.com\/app\/themes\/forev\/static\/img\/O.svg\" alt=\"\">\n                    <\/li>\n                    <li data-aos=\"fade-up\">\n                        <img decoding=\"async\" src=\"https:\/\/forevyapi.com\/app\/themes\/forev\/static\/img\/R.svg\" alt=\"\">\n                    <\/li>\n                    <li data-aos=\"fade-down\" data-aos-duration=\"1000\">\n                        <img decoding=\"async\" src=\"https:\/\/forevyapi.com\/app\/themes\/forev\/static\/img\/E.svg\" alt=\"\">\n                    <\/li>\n                    <li data-aos=\"fade-up\">\n                        <img decoding=\"async\" src=\"https:\/\/forevyapi.com\/app\/themes\/forev\/static\/img\/V.svg\" alt=\"\">\n                    <\/li>\n                <\/ul>\n                <div class=\"text\" data-aos=\"fade-left\">\n                    <h4>Video Project  <br \/> Presentation<\/h4>\n                    <!-- \n                    <p>Sat\u0131\u015f yetkilileri ile online g\u00f6r\u00fcnt\u00fcl\u00fc g\u00f6r\u00fc\u015fmek i\u00e7in uygun g\u00fcn ve saat se\u00e7imi yaparak randevu alabilirsiniz.<\/p>\n                    -->\n                    <a href=\"https:\/\/forevyapi.com?page_id=135\" target=\"_blank\">Make an appointment<\/a>\n                <\/div>\n            <\/div>\n        <\/section>\n        <!-- Forev Banner End -->\n    \n\n            <!-- Maps -->\n        <section class=\"maps\">\n            <h4 data-aos=\"fade-up\"> For detailed information about our projects, <strong>write us or call us!<\/strong><\/h4>\n            <a href=\"tel:444 3 813\" data-aos=\"fade-up\"><i class=\"fa fa-phone\"><\/i> 444 3 813 <\/a>\n        <\/section>\n        <!-- Maps End -->\n    \n\n\n            <!-- Forev Banner -->\n        <section class=\"brev container\" style=\"margin-top: 40px\">\n            <div class=\"item\">\n                <ul>\n                    <li data-aos=\"fade-up\">\n                        <img decoding=\"async\" src=\"https:\/\/forevyapi.com\/app\/themes\/forev\/static\/img\/F.svg\" alt=\"\">\n                    <\/li>\n                    <li data-aos=\"fade-down\" data-aos-duration=\"1000\">\n                        <img decoding=\"async\" src=\"https:\/\/forevyapi.com\/app\/themes\/forev\/static\/img\/O.svg\" alt=\"\">\n                    <\/li>\n                    <li data-aos=\"fade-up\">\n                        <img decoding=\"async\" src=\"https:\/\/forevyapi.com\/app\/themes\/forev\/static\/img\/R.svg\" alt=\"\">\n                    <\/li>\n                    <li data-aos=\"fade-down\" data-aos-duration=\"1000\">\n                        <img decoding=\"async\" src=\"https:\/\/forevyapi.com\/app\/themes\/forev\/static\/img\/E.svg\" alt=\"\">\n                    <\/li>\n                    <li data-aos=\"fade-up\">\n                        <img decoding=\"async\" src=\"https:\/\/forevyapi.com\/app\/themes\/forev\/static\/img\/V.svg\" alt=\"\">\n                    <\/li>\n                <\/ul>\n                <div class=\"text\" data-aos=\"fade-left\">\n                    <h4>Video Project  <br \/> Presentation<\/h4>\n                    <!-- \n                    <p>Sat\u0131\u015f yetkilileri ile online g\u00f6r\u00fcnt\u00fcl\u00fc g\u00f6r\u00fc\u015fmek i\u00e7in uygun g\u00fcn ve saat se\u00e7imi yaparak randevu alabilirsiniz.<\/p>\n                    -->\n                    <a href=\"https:\/\/forevyapi.com?page_id=135\" target=\"_blank\">Make an appointment<\/a>\n                <\/div>\n            <\/div>\n        <\/section>\n        <!-- Forev Banner End -->\n    ","protected":false},"excerpt":{"rendered":"","protected":false},"author":1,"featured_media":0,"parent":0,"menu_order":0,"comment_status":"closed","ping_status":"closed","template":"","meta":{"_acf_changed":false,"footnotes":""},"class_list":["post-625","page","type-page","status-publish","hentry"],"acf":[],"_links":{"self":[{"href":"https:\/\/forevyapi.com\/index.php?rest_route=\/wp\/v2\/pages\/625","targetHints":{"allow":["GET"]}}],"collection":[{"href":"https:\/\/forevyapi.com\/index.php?rest_route=\/wp\/v2\/pages"}],"about":[{"href":"https:\/\/forevyapi.com\/index.php?rest_route=\/wp\/v2\/types\/page"}],"author":[{"embeddable":true,"href":"https:\/\/forevyapi.com\/index.php?rest_route=\/wp\/v2\/users\/1"}],"replies":[{"embeddable":true,"href":"https:\/\/forevyapi.com\/index.php?rest_route=%2Fwp%2Fv2%2Fcomments&post=625"}],"version-history":[{"count":31,"href":"https:\/\/forevyapi.com\/index.php?rest_route=\/wp\/v2\/pages\/625\/revisions"}],"predecessor-version":[{"id":1707,"href":"https:\/\/forevyapi.com\/index.php?rest_route=\/wp\/v2\/pages\/625\/revisions\/1707"}],"wp:attachment":[{"href":"https:\/\/forevyapi.com\/index.php?rest_route=%2Fwp%2Fv2%2Fmedia&parent=625"}],"curies":[{"name":"wp","href":"https:\/\/api.w.org\/{rel}","templated":true}]}}